ose 0 = 2*d - 9 - q. List the prime factors of 86/d - (-4)/16.
11
Let s(c) = -c**3 - c - 1. Let w(p) = -2*p**2 - 3*p - 2. Let f(t) = -3*s(t) + w(t). List the prime factors of f(1).
2
Let v(f) = f**3 + 11. Let i be v(0). Suppose -i + 1 = -5*y. List the prime factors of y.
2
Suppose 0 = c - 4*c - 66. Let k = c - -32. List the prime factors of k.
2, 5
Let r(j) = -11*j + 2. Let z(f) = -34*f + 5. Let x(p) = 7*r(p) - 2*z(p). List the prime factors of x(-3).
31
Suppose -v + 3*v - 99 = -3*u, u - 3*v = 22. List the prime factors of u.
31
Suppose -4*z + w = -778, -4*z = w - 497 - 277. List the prime factors of z.
2, 97
Suppose 5*l - 4*y - 4 = 0, 2*l - 1 = 3*y - 2*y. Suppose 0 = -6*q + q + 15. Let z = l + q. List the prime factors of z.
3
Let a be 6/(-21) + 24/(-14). Let f be (4/6)/(a/(-114)). Suppose 2*r = 2*c - f, 4*r + r + 31 = c. List the prime factors of c.
2
Let h = 6 - 5. What are the prime factors of 15 + 0*(h - 2)?
3, 5
List the prime factors of 98 + 0 + -2 + -2.
2, 47
Suppose 4*f + 85 = -f. Let t = 33 + f. List the prime factors of t.
2
List the prime factors of 52/8 - 2/4.
2, 3
Let y = 80 - 33. List the prime factors of y.
47
Let r(l) = -3*l - 3. Let p be r(-3). Suppose h + 2 + 50 = 4*f, 2*h = -8. What are the prime factors of ((-14)/p)/((-4)/f)?
7
Let u(b) = b**3 + 2*b - 3. Let j(g) = g + 10. Let r be -5 - (2 - 1/(-1)). Let o be j(r). What are the prime factors of u(o)?
3
Let h(o) = o**3 - o**2 - o - 12. Let b be h(0). Let z be 8/b*9/(-2). Suppose -j + 3 = 0, -5*j = -2*t + z*t - 26. List the prime factors of t.
11
Suppose -4*y + 290 = -m, -4*y + 282 = -0*y - 5*m. List the prime factors of y.
73
Suppose 2*i = -9*i + 2233. What are the prime factors of i?
7, 29
Suppose 5*c - 504 = -2*s + 303, 2*s - 163 = -c. What are the prime factors of c?
7, 23
Let h = 22 + -20. What are the prime factors of h?
2
Let d = -33 + 62. What are the prime factors of d?
29
Let t(o) = -3*o**2 - 3*o - 3. Let g be t(-2). Let l be -1 - (-2)/(-2)*g. Suppose 5*m - 7 = l. List the prime factors of m.
3
List the prime factors of -7*(-153)/42*4.
2, 3, 17
Suppose -a + w = -74, -3*a = -0*a - 5*w - 214. Let f = a + -33. What are the prime factors of f?
3, 5
Let n = 2 - 4. Let d = 18 + n. Let i = -5 + d. What are the prime factors of i?
11
Let r be -3 + 2/((-4)/(-2)). List the prime factors of (r/3)/((-14)/357).
17
Let p = -23 + 16. Let g = 12 - p. What are the prime factors of g?
19
Suppose -3*g + 132 = 2*v, -5*g + 176 = -g - 2*v. List the prime factors of g.
2, 11
Suppose 4*f - j = 562, j = -f - 2*f + 425. What are the prime factors of f?
3, 47
Let v(f) = -25*f - 1. Let w be v(-1). Suppose 114 = 3*x + w. List the prime factors of x.
2, 3, 5
Let s = 5 - 5. List the prime factors of 2 + 6 + (2 - s).
2, 5
Let c be (1/2)/((-4)/8). Let i be (-2)/2 + 2 + c. Suppose k + i*k = 8. What are the prime factors of k?
2
Let c be (-1)/1 + 2 - 8. Let b = c + 0. Let w(j) = -j**2 - 8*j - 5. What are the prime factors of w(b)?
2
Let t = -3 - -18. Suppose -a = -4*u + 23, -2*u = u - t. Let r = 5 + a. What are the prime factors of r?
2
Suppose 4*p - 3*r - 6 = 5, -20 = -p - 5*r. Suppose -l = -2, p*b - 2*l + 0*l - 131 = 0. List the prime factors of b.
3
Suppose 0 = 2*p - 3*p + 7. Suppose 0*u + 5*n + p = 2*u, 4*n - 12 = 0. List the prime factors of u.
11
Let s(a) = a. Let w be s(-4). Let k = w + 8. Suppose -5*r = j + 15, -2*r + 3 = 3*j - k. List the prime factors of j.
5
Let o(l) = l**3 - l**2 + 35. What are the prime factors of o(0)?
5, 7
Suppose -3*l + 282 = -3*x, 0 = l - 6*x + 2*x - 106. List the prime factors of l.
2, 3, 5
Let p = -7 - -4. Let q = 3 + -4. What are the prime factors of p + (q - -3) - -16?
3, 5
Suppose 0 = -7*y + 10*y - 114. List the prime factors of y.
2, 19
Suppose 2*s - 81 = 83. List the prime factors of s.
2, 41
Let v = -4 + 4. Let s(j) = -j**2 + j + 6. Let h be s(v). List the prime factors of 2/h*(16 - 1).
5
Let j be (-2 - -1)/1*-2. Suppose 0 = 3*i + j*i - 65. List the prime factors of i.
13
Suppose 0 = 5*m - 2*g - 450, 3*m - 4*g + 0*g - 284 = 0. List the prime factors of m.
2, 11
Let o be (-3)/1 + 0 + 10. What are the prime factors of o + -6 - (-4 - -1)?
2
List the prime factors of (1*5)/((-27)/(-702)).
2, 5, 13
Suppose -5*k = b - 20, 5*k - 5 = -3*b + 5*b. Suppose -b*s = -18 - 37. List the prime factors of s.
11
Let q = 99 + -55. List the prime factors of q.
2, 11
Let f(t) be the third derivative of -7*t**4/4 + t**3/2 + 3*t**2. List the prime factors of f(-1).
3, 5
Let c = 139 - 59. Suppose l = 5*l - c. List the prime factors of l.
2, 5
Let r(h) = -3*h - 4. Let k(y) = y - 1. Let p(n) = -2*k(n) - r(n). Let v be p(-6). Let w = v - -4. What are the prime factors of w?
2
Let l be (-2 - (2 + -37))/1. Suppose -a - 2*s = -5*s - 16, 4*a - s = 31. Suppose -4*x + a = -l. What are the prime factors of x?
2, 5
Suppose 3*j = 3*n + 45 + 33, 3*n - 108 = -3*j. List the prime factors of j.
31
Let c = -42 - -91. What are the prime factors of c?
7
Let x = 2 + 7. Let s be (-34)/(-4) + x/(-6). Suppose d - s = 2*m, -d - 2*m + 8 = -3*m. List the prime factors of d.
3
Suppose 4*j - 2 + 46 = 0. Let s = j - -19. What are the prime factors of s?
2
Let i = 26 + -13. List the prime factors of i.
13
Suppose 0 = -2*l + 2, -4*l = i + l - 15. Suppose 5*t + 3*d - 2*d = 8, -d + 4 = 3*t. Suppose i = q - t. What are the prime factors of q?
2, 3
Let u(o) = -o**2 - 8*o - 2. Let n be u(-7). Suppose -8 = g - n*g. What are the prime factors of (-27)/(-6)*g/3?
3
Suppose 0 = b - 2*v - 35, -3*v = b - v - 55. What are the prime factors of b?
3, 5
Let t be 3 + -1 - (-4 - -2). Let c = 6 - t. Let q = c + 12. List the prime factors of q.
2, 7
List the prime factors of (57/(-2) + 2)*-2.
53
Let q(i) = -i**3 - 5*i**2 - i - 5. Let n be q(-5). Suppose 0*o + o + 5*w = n, 0 = -5*o + 3*w. Suppose -x + o = -13. What are the prime factors of x?
13
Suppose -10 + 44 = 2*r. Suppose 4*h - 3*h - r = -3*n, 10 = 2*n. List the prime factors of h.
2
Let l be 4/(-10) + (-22)/(-5). Let p = l + 3. What are the prime factors of p?
7
Let k(j) = 7*j**3 - 2*j**2 - 2*j. List the prime factors of k(2).
2, 11
Suppose 0*k + 75 = 5*k. Suppose 2*v + 6 = -0*v. Let t = k + v. What are the prime factors of t?
2, 3
Suppose 0*v - v = -10. Let q(t) = -4 - v*t + 5 + 2 - 4. What are the prime factors of q(-1)?
3
Let m = -5 + 11. Let x = -6 + m. Let a(k) = -k + 8. What are the prime factors of a(x)?
2
Let x(i) = i**2 - 2*i - 2. Let g be x(-2). Suppose 0 = -3*a + g*a. Suppose 0 = -c - 4*r + 2*r + 10, c + r - 6 = a. List the prime factors of c.
2
Let y = 300 - 141. What are the prime factors of y?
3, 53
Let q = 85 + -17. List the prime factors of q.
2, 17
Let l(g) = g - 7. Let b be l(7). Let i be 3 + b*(-2)/2. Suppose i*d - 16 - 8 = 0. What are the prime factors of d?
2
Let a = -4 + 4. Suppose -5*b = -v - 19, a*b - 5 = -b. List the prime factors of v.
2, 3
Let p = -1 + 48. Let w = p + -32. Suppose 2*o - 7 - w = 0. What are the prime factors of o?
11
Suppose -h - 4*h = 0, 2*o - 2*h - 4 = 0. Let r(u) = -12*u - 3 + o*u**2 + 12*u. List the prime factors of r(3).
3, 5
Let q be (0 + -2 - 0)/1. Let b(h) = -6*h - 5*h + 6*h. What are the prime factors of b(q)?
2, 5
Suppose 0 = -2*w - 9 - 1. Let a = w - -8. List the prime factors of a.
3
Let i(t) = 121*t + 1. Let v be i(1). Let u = v + -85. List the prime factors of u.
37
Let q(h) be the third derivative of -h**5/60 + h**4/6 + 5*h**3/6 - h**2. List the prime factors of q(4).
5
Suppose 5*b = -0*b - 30. Let v(t) = t**3 + 7*t**2 + 6*t + 2. List the prime factors of v(b).
2
Let g be 4/16 + (-14)/(-8). Suppose 0 = l - 1, l + g*l + 1 = h. What are the prime factors of h?
2
Suppose -1386 = 39*n - 45*n. What are the prime factors of n?
3, 7, 11
Let d be (-4)/(-6) + (-176)/(-24). Suppose -4*p + d*p + 148 = 0. Let y = -26 - p. List the prime factors of y.
11
Let f = 15 - 13. Suppose f*m = y - 2*m - 17, -2*y - 3*m = -56. List the prime factors of y.
5
Suppose v + 23 = 140. Suppose 0*q - 3*q + v = 0. What are the prime factors of q?
3, 13
Let q(x) = x**3 + 6*x**2 + 5*x. Let w be q(-5). Suppose w = 14*d - 11*d - 93. List the prime factors of d.
31
Let w(a) be the third derivative of -a**6/120 + a**5/10 - 5*a**4/24 + a**3/2 - 3*a**2. Let u be w(5). Suppose -16 = u*j - 43. List the prime factors of j.
3
Suppose -4*v = -0*v - 16. Let s(q)